{"id":129,"date":"2023-06-10T11:45:08","date_gmt":"2023-06-10T08:45:08","guid":{"rendered":"https:\/\/demetdemircioglu.com\/?page_id=129"},"modified":"2025-05-23T19:46:59","modified_gmt":"2025-05-23T16:46:59","slug":"biyografi","status":"publish","type":"page","link":"https:\/\/demetdemircioglu.com\/en\/biography\/","title":{"rendered":"Prof. Dr. Demet Demircio\u011flu"},"content":{"rendered":"<div class=\"wp-block-group alignfull gutenify-section-b21966a0-6a6e-11ee-a24a-d5cb672d6aa6 has-background-background-color has-background is-content-justification-center is-layout-constrained wp-container-core-group-is-layout-8d7da819 wp-block-group-is-layout-constrained gtfy-12\" style=\"padding-top:var(--wp--preset--spacing--30);padding-right:var(--wp--preset--spacing--20);padding-bottom:var(--wp--preset--spacing--30);padding-left:var(--wp--preset--spacing--20)\">\n<div class=\"wp-block-columns biyografi-dis-sutun gutenify-section-b217e000-6a6e-11ee-a24a-d5cb672d6aa6 is-layout-flex wp-container-core-columns-is-layout-e0e4babd wp-block-columns-is-layout-flex gtfy-11\" style=\"padding-right:0;padding-left:0\">\n<div class=\"wp-block-column is-vertically-aligned-top biyografi-ic-sutun gutenify-section-b20c2030-6a6e-11ee-a24a-d5cb672d6aa6 is-content-justification-center is-layout-constrained wp-block-column-is-layout-constrained gtfy-2\">\n<figure class=\"wp-block-image size-full is-style-default gutenify-section-b20a9990-6a6e-11ee-a24a-d5cb672d6aa6 gtfy-1\"><img loading=\"lazy\" decoding=\"async\" width=\"1710\" height=\"2560\" src=\"https:\/\/demetdemircioglu.com\/wp-content\/uploads\/2023\/06\/PHOTO-2025-04-07-14-54-54-scaled.jpg\" alt=\"\" class=\"wp-image-2046\" style=\"object-fit:cover\" srcset=\"https:\/\/demetdemircioglu.com\/wp-content\/uploads\/2023\/06\/PHOTO-2025-04-07-14-54-54-scaled.jpg 1710w, https:\/\/demetdemircioglu.com\/wp-content\/uploads\/2023\/06\/PHOTO-2025-04-07-14-54-54-200x300.jpg 200w, https:\/\/demetdemircioglu.com\/wp-content\/uploads\/2023\/06\/PHOTO-2025-04-07-14-54-54-684x1024.jpg 684w\" sizes=\"auto, (max-width: 1710px) 100vw, 1710px\" \/><\/figure>\n<\/div>\n\n\n\n<div class=\"wp-block-column is-vertically-aligned-center gutenify-section-b216ce90-6a6e-11ee-a24a-d5cb672d6aa6 is-layout-constrained wp-container-core-column-is-layout-d6097f2c wp-block-column-is-layout-constrained gtfy-10\" style=\"padding-top:0;padding-right:0;padding-bottom:0;padding-left:0\">\n<h2 class=\"wp-block-heading gutenify-section-b20e9130-6a6e-11ee-a24a-d5cb672d6aa6 has-text-color has-medium-font-size gtfy-3\" id=\"we-are-full-site-editing\" style=\"color:#111946;font-style:normal;font-weight:300;line-height:1\">Who am I? \u2013 <strong>Biography<\/strong><\/h2>\n\n\n\n<p class=\"gtfy-4\">Prof. Dr. Demet Demircio\u011flu<\/p>\n\n\n\n<p class=\"gutenify-section-0735fa40-fb1f-11ee-883f-39fb73ab802d has-foreground-color has-text-color has-link-color has-normal-font-size wp-elements-40c51e90087b2f5ebb723910fccf0b07 gtfy-5\">He was born in Diyarbak\u0131r on September 30, 1979. He completed his primary and secondary education at Yeni\u015fehir Primary School and Diyarbak\u0131r Anatolian High School, respectively. He graduated from Istanbul University Istanbul Faculty of Medicine in 2003 and received his medical doctorate. He completed his Physical Medicine and Rehabilitation specialist training at the Ministry of Health Istanbul Physical Therapy and Rehabilitation Training and Research Hospital in 2009.&nbsp;<\/p>\n\n\n\n<p class=\"gutenify-section-07370bb0-fb1f-11ee-883f-39fb73ab802d has-foreground-color has-text-color has-link-color has-normal-font-size wp-elements-667685e4073055502a8651f0df2cb2bd gtfy-6\">He completed his compulsory service as a specialist physician at the Ministry of Health Malatya State Hospital between 2009-2011.&nbsp;<\/p>\n\n\n\n<p class=\"gutenify-section-07381d20-fb1f-11ee-883f-39fb73ab802d has-foreground-color has-text-color has-link-color has-normal-font-size wp-elements-9e3d241a284258cc37e7d3c42210894c gtfy-7\">He worked as a specialist doctor at Memorial Hizmet Hospital between 2011-2018. He received the title of associate professor given by the Council of Higher Education in 2018. He succeeded in the Board Exam organized by the Physical Medicine and Rehabilitation Section of the European Union of Specialist Physicians (UEMS-PMR) and received a certificate of competence. He joined the staff of Istanbul Ayd\u0131n University Faculty of Medicine in 2023 and became Professor of Physical Medicine and Rehabilitation in the same year.<\/p>\n\n\n\n<p class=\"gutenify-section-af403a30-cdc8-11ef-b35a-3515e1883056 has-foreground-color has-text-color has-link-color has-normal-font-size wp-elements-34cef58b20f46bf47b16dcc0a9df3142 gtfy-8\">Prof. Dr. Demet Tekd\u00f6\u015f Demircio\u011flu has worked in physical medicine and rehabilitation associations operating in Turkey. She has book chapters, articles and congress presentations published in Turkey and abroad on the subject of Physical Medicine and Rehabilitation. She serves as an instructor in national and international educational congresses organized to ensure the dissemination of current physical therapy and rehabilitation practices. Her professional interests are painful musculoskeletal system diseases, rehabilitation in neurological diseases, clinical pilates, personalized exercise design and posture disorders. She effectively applies interventional methods.<\/p>\n\n\n\n<p class=\"gutenify-section-073a18f0-fb1f-11ee-883f-39fb73ab802d has-foreground-color has-text-color has-link-color has-normal-font-size wp-elements-1551e5f11460d57104ae98a38c6c2fb4 gtfy-9\">In addition, he completed the Exosome Tissue Engineering PhD program at \u0130stinye University and continues his clinical applications and scientific studies in this field. He currently works in his own clinic and in Ac\u0131badem Healthcare Group. He speaks and writes English very well.&nbsp;<\/p>\n<\/div>\n<\/div>\n<\/div>","protected":false},"excerpt":{"rendered":"<p>Ben Kimim? &#8211; Biyografi Prof. Dr. Demet Demircio\u011flu 30.09.1979\u2019da Diyarbak\u0131r\u2019da do\u011fdu. \u0130lk ve orta \u00f6\u011frenimini [&hellip;]<\/p>\n","protected":false},"author":1,"featured_media":0,"parent":0,"menu_order":0,"comment_status":"closed","ping_status":"closed","template":"","meta":{"_gutenify_countdown_timer_type":"fixed","_gutenify_countdown_timer_evergreen_hours":24,"_gutenify_countdown_timer_evergreen_minutes":0,"_gutenify_countdown_timer_date":"","_gutenify_countdown_timer_timezone":"US\/Eastern","_gutenify_countdown_timer_end_action":"none","_gutenify_countdown_timer_hide_selector":"","_gutenify_countdown_timer_redirect_url":"","_joinchat":[],"footnotes":""},"class_list":["post-129","page","type-page","status-publish","hentry"],"_links":{"self":[{"href":"https:\/\/demetdemircioglu.com\/en\/wp-json\/wp\/v2\/pages\/129","targetHints":{"allow":["GET"]}}],"collection":[{"href":"https:\/\/demetdemircioglu.com\/en\/wp-json\/wp\/v2\/pages"}],"about":[{"href":"https:\/\/demetdemircioglu.com\/en\/wp-json\/wp\/v2\/types\/page"}],"author":[{"embeddable":true,"href":"https:\/\/demetdemircioglu.com\/en\/wp-json\/wp\/v2\/users\/1"}],"replies":[{"embeddable":true,"href":"https:\/\/demetdemircioglu.com\/en\/wp-json\/wp\/v2\/comments?post=129"}],"version-history":[{"count":0,"href":"https:\/\/demetdemircioglu.com\/en\/wp-json\/wp\/v2\/pages\/129\/revisions"}],"wp:attachment":[{"href":"https:\/\/demetdemircioglu.com\/en\/wp-json\/wp\/v2\/media?parent=129"}],"curies":[{"name":"wp","href":"https:\/\/api.w.org\/{rel}","templated":true}]}}

Prof. Dr. Demet Demircioğlu

<div class="wp-block-group alignfull gutenify-section-b21966a0-6a6e-11ee-a24a-d5cb672d6aa6 has-background-background-color has-background is-content-justification-center is-layout-constrained wp-container-core-group-is-layout-8d7da819 wp-block-group-is-layout-constrained gtfy-12" style="padding-top:var(--wp--preset--spacing--30);padding-right:var(--wp--preset--spacing--20);padding-bottom:var(--wp--preset--spacing--30);padding-left:var(--wp--preset--spacing--20)">
<div class="wp-block-columns biyografi-dis-sutun gutenify-section-b217e000-6a6e-11ee-a24a-d5cb672d6aa6 is-layout-flex wp-container-core-columns-is-layout-e0e4babd wp-block-columns-is-layout-flex gtfy-11" style="padding-right:0;padding-left:0">
<div class="wp-block-column is-vertically-aligned-top biyografi-ic-sutun gutenify-section-b20c2030-6a6e-11ee-a24a-d5cb672d6aa6 is-content-justification-center is-layout-constrained wp-block-column-is-layout-constrained gtfy-2">
<figure class="wp-block-image size-full is-style-default gutenify-section-b20a9990-6a6e-11ee-a24a-d5cb672d6aa6 gtfy-1"><img loading="lazy" decoding="async" width="1710" height="2560" src="https://demetdemircioglu.com/wp-content/uploads/2023/06/PHOTO-2025-04-07-14-54-54-scaled.jpg" alt="" class="wp-image-2046" style="object-fit:cover" srcset="https://demetdemircioglu.com/wp-content/uploads/2023/06/PHOTO-2025-04-07-14-54-54-scaled.jpg 1710w, https://demetdemircioglu.com/wp-content/uploads/2023/06/PHOTO-2025-04-07-14-54-54-200x300.jpg 200w, https://demetdemircioglu.com/wp-content/uploads/2023/06/PHOTO-2025-04-07-14-54-54-684x1024.jpg 684w" sizes="auto, (max-width: 1710px) 100vw, 1710px" /></figure>
</div>



<div class="wp-block-column is-vertically-aligned-center gutenify-section-b216ce90-6a6e-11ee-a24a-d5cb672d6aa6 is-layout-constrained wp-container-core-column-is-layout-d6097f2c wp-block-column-is-layout-constrained gtfy-10" style="padding-top:0;padding-right:0;padding-bottom:0;padding-left:0">
<h2 class="wp-block-heading gutenify-section-b20e9130-6a6e-11ee-a24a-d5cb672d6aa6 has-text-color has-medium-font-size gtfy-3" id="we-are-full-site-editing" style="color:#111946;font-style:normal;font-weight:300;line-height:1">Who am I? – <strong>Biography</strong></h2>



<p class="gtfy-4">Prof. Dr. Demet Demircioğlu</p>



<p class="gutenify-section-0735fa40-fb1f-11ee-883f-39fb73ab802d has-foreground-color has-text-color has-link-color has-normal-font-size wp-elements-40c51e90087b2f5ebb723910fccf0b07 gtfy-5">He was born in Diyarbakır on September 30, 1979. He completed his primary and secondary education at Yenişehir Primary School and Diyarbakır Anatolian High School, respectively. He graduated from Istanbul University Istanbul Faculty of Medicine in 2003 and received his medical doctorate. He completed his Physical Medicine and Rehabilitation specialist training at the Ministry of Health Istanbul Physical Therapy and Rehabilitation Training and Research Hospital in 2009.&nbsp;</p>



<p class="gutenify-section-07370bb0-fb1f-11ee-883f-39fb73ab802d has-foreground-color has-text-color has-link-color has-normal-font-size wp-elements-667685e4073055502a8651f0df2cb2bd gtfy-6">He completed his compulsory service as a specialist physician at the Ministry of Health Malatya State Hospital between 2009-2011.&nbsp;</p>



<p class="gutenify-section-07381d20-fb1f-11ee-883f-39fb73ab802d has-foreground-color has-text-color has-link-color has-normal-font-size wp-elements-9e3d241a284258cc37e7d3c42210894c gtfy-7">He worked as a specialist doctor at Memorial Hizmet Hospital between 2011-2018. He received the title of associate professor given by the Council of Higher Education in 2018. He succeeded in the Board Exam organized by the Physical Medicine and Rehabilitation Section of the European Union of Specialist Physicians (UEMS-PMR) and received a certificate of competence. He joined the staff of Istanbul Aydın University Faculty of Medicine in 2023 and became Professor of Physical Medicine and Rehabilitation in the same year.</p>



<p class="gutenify-section-af403a30-cdc8-11ef-b35a-3515e1883056 has-foreground-color has-text-color has-link-color has-normal-font-size wp-elements-34cef58b20f46bf47b16dcc0a9df3142 gtfy-8">Prof. Dr. Demet Tekdöş Demircioğlu has worked in physical medicine and rehabilitation associations operating in Turkey. She has book chapters, articles and congress presentations published in Turkey and abroad on the subject of Physical Medicine and Rehabilitation. She serves as an instructor in national and international educational congresses organized to ensure the dissemination of current physical therapy and rehabilitation practices. Her professional interests are painful musculoskeletal system diseases, rehabilitation in neurological diseases, clinical pilates, personalized exercise design and posture disorders. She effectively applies interventional methods.</p>



<p class="gutenify-section-073a18f0-fb1f-11ee-883f-39fb73ab802d has-foreground-color has-text-color has-link-color has-normal-font-size wp-elements-1551e5f11460d57104ae98a38c6c2fb4 gtfy-9">In addition, he completed the Exosome Tissue Engineering PhD program at İstinye University and continues his clinical applications and scientific studies in this field. He currently works in his own clinic and in Acıbadem Healthcare Group. He speaks and writes English very well.&nbsp;</p>
</div>
</div>
</div>

<p>Ben Kimim? &#8211; Biyografi Prof. Dr. Demet Demircioğlu 30.09.1979’da Diyarbakır’da doğdu. İlk ve orta öğrenimini [&hellip;]</p>
